0*b = -h. What are the prime factors of b?
2, 3, 11
Let l = -187 - -1675. Suppose 5*w - l = -2*i, -w = -0*w - 5*i - 276. What are the prime factors of w?
2, 37
Suppose 5*p - 5*f = 40, -p + 14 = -11*f + 8*f. Suppose 0 = -5*r - p*o + 6975, 2*o + 873 = r - 531. What are the prime factors of r?
2, 3, 233
Suppose -52*h - 184 = -48*h. Let y = h + 11. Let m = 125 + y. List the prime factors of m.
2, 3, 5
Suppose -14*a + 0*a + 68208 = 0. Suppose a = 12*z - 1680. What are the prime factors of z?
2, 3, 7, 13
Let j(z) = 2*z**2 - 62*z + 1265. What are the prime factors of j(63)?
5297
Let u(d) = d**3 - 32*d**2 - 66*d - 65. Let h be u(34). Suppose 204 = 4*b - h*k, b - 91 = -k - 40. What are the prime factors of b?
3, 17
Let c(r) = -2*r**2 + 22*r + 29. Let i be c(12). Let y(s) = 3*s**2 + 12*s - 10. List the prime factors of y(i).
5
Suppose -124*a + 504600 = -49*a. List the prime factors of a.
2, 29
Let p = 35905 - 32934. What are the prime factors of p?
2971
Suppose -4*g + 5 = 2*s - 3, s = g - 8. Suppose 0 = 5*k - g*n - 2228, 4*k - 1380 = -4*n + 388. List the prime factors of k.
2, 3, 37
Let w = -3 - -8. Suppose 10960 + 10204 = -48*u + 132044. Suppose -w*s + u = 5*s. List the prime factors of s.
3, 7, 11
Suppose 31*t - 185994 + 16999 - 47726 = 0. What are the prime factors of t?
6991
Let j be 200/(-60)*12/(-10). Suppose 3*a = 2*a - 4*k + 41, 0 = j*a + k - 179. Let d = -12 + a. List the prime factors of d.
3, 11
Suppose -3*n + 4*y + 47092 = 0, y + 31387 = 2*n + 6*y. Suppose -496 + n = 16*r. List the prime factors of r.
2, 5, 19
What are the prime factors of 285776/7 - ((-560)/(-2205) - (-2)/(-18))?
5, 23, 71
Let c(n) = 5*n + 227. Let a be c(-43). Suppose -4*w = -3*k + 2515, a*k - 14*k = -w - 1680. What are the prime factors of k?
29
Suppose 4*f - 31 + 11 = 0. Suppose -f*i - 30 + 25 = 0. Let t(k) = 25*k**2. List the prime factors of t(i).
5
Let s = -12 - -17. Suppose s*q = 77 + 113. Suppose -3*b = -x - 0*x + 34, -b = -x + q. What are the prime factors of x?
2, 5
Suppose -b = -0*b - 1279. Let n = -908 + b. List the prime factors of n.
7, 53
Let c be ((-88)/(-20) + -4)*-25. Let l be c/(-4) + (-27)/6. What are the prime factors of 1168/28 + l/(-7)?
2, 3, 7
List the prime factors of (-78 - (-79092)/144)*(-22 - 0)*-2.
5, 11, 13, 29
Let s = 70 - 65. Let q = 40 + s. Let k = q - 42. What are the prime factors of k?
3
List the prime factors of 769203/31 + 16 + -4.
3, 5, 331
Let k = -9881 + 23170. List the prime factors of k.
97, 137
Let a = -5753 - -12881. What are the prime factors of a?
2, 3, 11
Suppose 20*u - 8*u = 49536. Suppose u = -m + 9*m. What are the prime factors of m?
2, 3, 43
Let z(m) = 196*m - 37. Let d be z(5). Let h = -574 + d. List the prime factors of h.
3, 41
Suppose -2*i - 2*d = -3*i + 116, 5*d = 0. What are the prime factors of 32538/i - 2/4?
2, 5, 7
Let o = 24 - 18. Suppose o*m - 8 = 2*m. Suppose 0 = m*q - 2*y - 100, 5*q - 4*y + 2*y = 265. What are the prime factors of q?
5, 11
Suppose -j = -2*j - 1. Let m be ((-10)/(-15))/((-712)/708 - j). Let l = m + 273. What are the prime factors of l?
5, 31
Let q = 38874 - -19419. What are the prime factors of q?
3, 17, 127
Let u = -719 + 910. Let v = 948 - u. List the prime factors of v.
757
Let t = 327 - 312. Let o(g) be the first derivative of -g**3/3 + 12*g**2 - 37*g + 1. List the prime factors of o(t).
2, 7
Let g(r) = 2103*r - 4. Let k be g(1). Suppose -j = 2*j + 2*y - 1258, y = -5*j + k. Suppose a = -3*p + 146, -j = -a - 2*a - 3*p. What are the prime factors of a?
137
Let z = -164 - 186. Suppose 11*p = 8*p + 12. What are the prime factors of (z/p)/((-3)/6)?
5, 7
Let d(w) = 1131*w - 11. Let z be d(-1). List the prime factors of (-4)/14*(z - -1).
2, 163
Let y be (-325)/(-3)*(-6)/5. Suppose -3*f + 0*h = 2*h - 126, 0 = -f + 2*h + 34. Let n = f - y. List the prime factors of n.
2, 5, 17
Let i be 5/10 + 1133/2. Suppose -3*j = -3*o + j + i, 15 = -5*j. List the prime factors of o.
5, 37
Let t(n) = -8*n - 208 - 264 + 391 - 50*n. List the prime factors of t(-21).
3, 379
Let a(r) = -1020*r**3 - 2*r**2 - 4*r + 1. Let m be a(-3). Suppose -16313 = -24*v + m. What are the prime factors of v?
3, 7, 29
Suppose 0 = 22*g - 21880 - 40556. What are the prime factors of g?
2, 3, 11, 43
Let s = 130 + -127. Let i(h) = -s + 65*h**2 + 3 + 2*h**3 + 5 - 64*h**2 - 3*h. List the prime factors of i(3).
59
What are the prime factors of -2 + (2352 - (-7 - -8)) - -5?
2, 11, 107
Suppose 4*u = -0*u + l + 11, 3*u + 5*l = -9. Suppose -u*o + 5*c - 12 = 0, -4 + 10 = 3*c. Let k = 47 + o. What are the prime factors of k?
2, 23
Suppose 0 = 37*q - 764507 - 826197. What are the prime factors of q?
2, 2687
Let m = -291 + 300. Suppose 24*t = m*t + 180. What are the prime factors of t?
2, 3
Let p = 203 + -195. Let d be (-99)/(-6)*(-2)/(-1). What are the prime factors of 11/(d/p)*(-3)/(-2)?
2
Let o = -204 + 209. Suppose 5*x = o*y - 208 - 142, 5*x = 4*y - 280. List the prime factors of y.
2, 5, 7
Let l(w) = w + 81. Let p be l(-29). Let n = 88 + -48. Let y = p - n. List the prime factors of y.
2, 3
Suppose 3*o = -115*c + 119*c + 6539, 2*o - 4341 = -c. List the prime factors of o.
41, 53
Suppose -40275 = 24*n - 49*n. What are the prime factors of n?
3, 179
Let k(a) be the second derivative of a**4/3 - 4*a**3/3 + a**2/2 - 3*a. Suppose -97 = -60*j + 323. What are the prime factors of k(j)?
3, 47
Let r be 347/((4/24)/((-1)/3)). List the prime factors of (-11)/(11/r)*-1*-1.
2, 347
Let q(x) = -136*x + 15. Let c be q(-2). Let d = 289 - c. List the prime factors of d.
2
Let s be 4/(-14) - (111/(-21) - -5). Let h be 8 + s + 1/(-1). Suppose 0 = h*r - 535 - 340. List the prime factors of r.
5
List the prime factors of 24362 - (-1)/(13/(-169)).
13, 1873
What are the prime factors of ((-650)/91)/(3/(27825/(-5)))?
2, 5, 53
Let c(i) = -i**2 - 8*i + 3. Suppose 7*j - 15 + 78 = 0. Let f be c(j). Let p = f + 17. List the prime factors of p.
11
Suppose p = -6*u + 60371, -5*p = -26*u + 23*u - 301624. What are the prime factors of p?
23, 43, 61
Let h(y) = -y**2 + 2*y + 18. Let n be h(5). Suppose n*w - 198 = z - 4*z, -4*w = -z + 71. What are the prime factors of z?
67
Let i(k) = k**3. Let z = -63 + 63. Let r be i(z). Suppose r = l + 3*l - 600. List the prime factors of l.
2, 3, 5
Let z(w) be the first derivative of -w**4/4 + 3*w**3 + 9*w**2/2 - 14*w + 58. List the prime factors of z(7).
3, 7
Let w(q) = 8*q**2 + 35*q - 54. What are the prime factors of w(-51)?
3, 6323
Suppose t + 116346 - 36084 = 4*t. What are the prime factors of t?
2, 3, 7, 13
Let v(n) = 3*n**2 - 93*n + 174. Let u be v(29). Let p(y) be the second derivative of -2*y**3/3 + 29*y**2/2 + y. What are the prime factors of p(u)?
29
Suppose j - 4*s - 2966 = 0, 2*j = 3*s + 8089 - 2172. Suppose 0 = -21*n + 7*n + j. What are the prime factors of n?
211
Let r(p) = 1958*p + 4703. List the prime factors of r(8).
3, 31, 73
Suppose -3*h + 75060 = 4*n, -56*h + 75087 = -53*h - 5*n. List the prime factors of h.
2, 17, 23
Let c = -17512 - -51776. List the prime factors of c.
2, 4283
Let i(r) = 44*r + 424. List the prime factors of i(3).
2, 139
Let h(z) = -36*z - 4 + z**2 + 0*z**2 + 1 + 2*z**3 + 32*z. Let p be h(4). Suppose 0*g = -5*g + p. List the prime factors of g.
5
Suppose 10*i - 540 = -20. Let f = 57 + -77. Let c = i + f. What are the prime factors of c?
2
Let j(h) = 13040*h + 188. What are the prime factors of j(1)?
2, 3307
Suppose 2238 + 4444 = 4*g + 2*j, 2*j = 3*g - 5022. List the prime factors of g.
2, 11, 19
What are the prime factors of ((-2297568)/455)/((-4)/10)?
2, 3, 263
Let v(h) = 200*h**3 - 5*h**2 - 13*h + 45. What are the prime factors of v(4)?
12713
Let j = -17 + 126. What are the prime factors of (j/(-2))/((-1)/8)?
2, 109
Let k = -119530 - -173945. What are the prime factors of k?
5, 10883
Let w(q) = 160*q**2 - 37*q - 1115. List the prime factors of w(-17).
2, 22877
What are the prime factors of 206490/11 - (10920/440 - 25)?
2, 13, 19
Let d(h) = 84*h - 18. Let p(l) = 14*l + 129. Let s be p(-9). What are the prime factors of d(s)?
2, 3, 13
Let y(d) = 2327*d**2 + 19*d + 18. What are the prime factors of y(-1)?
2, 1163
What are the prime factors of 177141/18 - (246/(-36) - -7)?
13, 757
Suppose 2*z - 5 = 1. Suppose -17*x = -857 + 500. Suppose -z*s + x = 3. List the prime factors of s.
2, 3
Let d be -11 + 13 +